{"id":3713,"date":"2026-04-22T15:55:40","date_gmt":"2026-04-22T13:55:40","guid":{"rendered":"https:\/\/ethiastourdewallonie.be\/?post_type=etape_course&#038;p=3713"},"modified":"2026-04-22T15:55:41","modified_gmt":"2026-04-22T13:55:41","slug":"copy-of-copy-of-welkenraedt-seraing","status":"publish","type":"etape_course","link":"https:\/\/ethiastourdewallonie.be\/nl\/editie\/2025\/copy-of-copy-of-welkenraedt-seraing\/","title":{"rendered":"COPY OF COPY OF Welkenraedt &gt; Seraing"},"content":{"rendered":"\n<p class=\"has-text-align-center\"><strong>La quatri\u00e8me \u00e9tape de l\u2019Ethias Tour de Wallonie prend son d\u00e9part \u00e0 Welkenraedt : la cit\u00e9 est situ\u00e9e au c\u0153ur du Pays de Herve et de la R\u00e9gion des Trois Fronti\u00e8res \u2013 Allemagne, Belgique, Pays-Bas. Tr\u00e8s vite, le parcours s\u2019oriente vers les routes de La Doyenne et quelques-unes de ses difficult\u00e9s embl\u00e9matiques : col du Rosier, c\u00f4te de Lorc\u00e9, c\u00f4te de La Redoute, c\u00f4te de la Roche-aux-Faucons. Les deux derni\u00e8res difficult\u00e9s du jour, la c\u00f4te du Ch\u00e2teau d\u2019Aigremont et la c\u00f4te de la Haute Rochette empruntent les contreforts mosans.<\/strong><\/p>\n\n<p><\/p>\n","protected":false},"excerpt":{"rendered":"<p>La quatri\u00e8me \u00e9tape de l\u2019Ethias Tour de Wallonie prend son d\u00e9part \u00e0 Welkenraedt : la cit\u00e9 est situ\u00e9e au c\u0153ur du Pays de Herve et de la R\u00e9gion des Trois Fronti\u00e8res \u2013 Allemagne, Belgique, Pays-Bas. Tr\u00e8s vite, le parcours s\u2019oriente vers les routes de La Doyenne et quelques-unes de ses difficult\u00e9s embl\u00e9matiques : col du [&hellip;]<\/p>\n","protected":false},"featured_media":3235,"parent":0,"menu_order":0,"template":"","meta":[],"editions":[45],"class_list":["post-3713","etape_course","type-etape_course","status-publish","has-post-thumbnail","hentry","editions-45"],"_links":{"self":[{"href":"https:\/\/ethiastourdewallonie.be\/nl\/wp-json\/wp\/v2\/etape_course\/3713","targetHints":{"allow":["GET"]}}],"collection":[{"href":"https:\/\/ethiastourdewallonie.be\/nl\/wp-json\/wp\/v2\/etape_course"}],"about":[{"href":"https:\/\/ethiastourdewallonie.be\/nl\/wp-json\/wp\/v2\/types\/etape_course"}],"wp:featuredmedia":[{"embeddable":true,"href":"https:\/\/ethiastourdewallonie.be\/nl\/wp-json\/wp\/v2\/media\/3235"}],"wp:attachment":[{"href":"https:\/\/ethiastourdewallonie.be\/nl\/wp-json\/wp\/v2\/media?parent=3713"}],"wp:term":[{"taxonomy":"editions","embeddable":true,"href":"https:\/\/ethiastourdewallonie.be\/nl\/wp-json\/wp\/v2\/editions?post=3713"}],"curies":[{"name":"wp","href":"https:\/\/api.w.org\/{rel}","templated":true}]}}

<p class="has-text-align-center"><strong>La quatrième étape de l’Ethias Tour de Wallonie prend son départ à Welkenraedt : la cité est située au cœur du Pays de Herve et de la Région des Trois Frontières – Allemagne, Belgique, Pays-Bas. Très vite, le parcours s’oriente vers les routes de La Doyenne et quelques-unes de ses difficultés emblématiques : col du Rosier, côte de Lorcé, côte de La Redoute, côte de la Roche-aux-Faucons. Les deux dernières difficultés du jour, la côte du Château d’Aigremont et la côte de la Haute Rochette empruntent les contreforts mosans.</strong></p>

<p></p>

<p>La quatrième étape de l’Ethias Tour de Wallonie prend son départ à Welkenraedt : la cité est située au cœur du Pays de Herve et de la Région des Trois Frontières – Allemagne, Belgique, Pays-Bas. Très vite, le parcours s’oriente vers les routes de La Doyenne et quelques-unes de ses difficultés emblématiques : col du [&hellip;]</p>
